{"id":2725,"date":"2025-05-07T22:30:59","date_gmt":"2025-05-07T22:30:59","guid":{"rendered":"https:\/\/www.saglikuzmanlari.com\/melekhoca\/?page_id=2725"},"modified":"2025-05-08T18:54:30","modified_gmt":"2025-05-08T18:54:30","slug":"hafta-hafta-gebelik","status":"publish","type":"page","link":"https:\/\/www.saglikuzmanlari.com\/melekhoca\/hafta-hafta-gebelik\/","title":{"rendered":"Hafta Hafta Gebelik"},"content":{"rendered":"\t\t<div data-elementor-type=\"wp-page\" data-elementor-id=\"2725\" class=\"elementor elementor-2725\">\n\t\t\t\t<div class=\"elementor-element elementor-element-410ce21 e-flex e-con-boxed e-con e-parent\" data-id=\"410ce21\" data-element_type=\"container\">\n\t\t\t\t\t<div class=\"e-con-inner\">\n\t\t\t\t<div class=\"elementor-element elementor-element-5e9ac5a elementor-widget elementor-widget-cz_image\" data-id=\"5e9ac5a\" data-element_type=\"widget\" data-widget_type=\"cz_image.default\">\n\t\t\t\t<div class=\"elementor-widget-container\">\n\t\t\t\t\t\r\n\t\t<div class=\"cz_image clr cz_image_no_fx\">\r\n\r\n\t\t\t<div>\r\n\r\n\t\t\t\t<div class=\"cz_image_in\">\r\n\r\n\t\t\t\t\t<div class=\"cz_main_image\"><img fetchpriority=\"high\" decoding=\"async\" width=\"1000\" height=\"665\" src=\"data:image\/svg+xml,%3Csvg%20xmlns%3D&#39;http%3A%2F%2Fwww.w3.org%2F2000%2Fsvg&#39;%20width=&#39;1000&#39;%20height=&#39;665&#39;%20viewBox%3D&#39;0%200%201000%20665&#39;%2F%3E\" data-czlz data-src=\"https:\/\/www.saglikuzmanlari.com\/melekhoca\/wp-content\/uploads\/2025\/05\/Hafta-Hafta-Gebelik.jpg\" class=\"attachment-full size-full wp-image-3398\" alt=\"\" data-srcset=\"https:\/\/www.saglikuzmanlari.com\/melekhoca\/wp-content\/uploads\/2025\/05\/Hafta-Hafta-Gebelik.jpg 1000w, https:\/\/www.saglikuzmanlari.com\/melekhoca\/wp-content\/uploads\/2025\/05\/Hafta-Hafta-Gebelik-300x200.jpg 300w, https:\/\/www.saglikuzmanlari.com\/melekhoca\/wp-content\/uploads\/2025\/05\/Hafta-Hafta-Gebelik-768x511.jpg 768w, https:\/\/www.saglikuzmanlari.com\/melekhoca\/wp-content\/uploads\/2025\/05\/Hafta-Hafta-Gebelik-600x399.jpg 600w\" data-sizes=\"(max-width: 1000px) 100vw, 1000px\" \/><\/div>\r\n\r\n\t\t\t\t\t<div class=\"cz_hover_image\"><img fetchpriority=\"high\" decoding=\"async\" width=\"1000\" height=\"665\" src=\"data:image\/svg+xml,%3Csvg%20xmlns%3D&#39;http%3A%2F%2Fwww.w3.org%2F2000%2Fsvg&#39;%20width=&#39;1000&#39;%20height=&#39;665&#39;%20viewBox%3D&#39;0%200%201000%20665&#39;%2F%3E\" data-czlz data-src=\"https:\/\/www.saglikuzmanlari.com\/melekhoca\/wp-content\/uploads\/2025\/05\/Hafta-Hafta-Gebelik.jpg\" class=\"attachment-full size-full wp-image-3398\" alt=\"\" data-srcset=\"https:\/\/www.saglikuzmanlari.com\/melekhoca\/wp-content\/uploads\/2025\/05\/Hafta-Hafta-Gebelik.jpg 1000w, https:\/\/www.saglikuzmanlari.com\/melekhoca\/wp-content\/uploads\/2025\/05\/Hafta-Hafta-Gebelik-300x200.jpg 300w, https:\/\/www.saglikuzmanlari.com\/melekhoca\/wp-content\/uploads\/2025\/05\/Hafta-Hafta-Gebelik-768x511.jpg 768w, https:\/\/www.saglikuzmanlari.com\/melekhoca\/wp-content\/uploads\/2025\/05\/Hafta-Hafta-Gebelik-600x399.jpg 600w\" data-sizes=\"(max-width: 1000px) 100vw, 1000px\" \/><\/div>\r\n\t\t\t\t<\/div>\r\n\r\n\t\t\t\t\r\n\t\t\t<\/div>\r\n\r\n\t\t<\/div>\r\n\r\n\t\t\t\t\t\t<\/div>\n\t\t\t\t<\/div>\n\t\t\t\t\t<\/div>\n\t\t\t\t<\/div>\n\t\t<div class=\"elementor-element elementor-element-4cb380aa e-flex e-con-boxed e-con e-parent\" data-id=\"4cb380aa\" data-element_type=\"container\">\n\t\t\t\t\t<div class=\"e-con-inner\">\n\t\t\t\t<div class=\"elementor-element elementor-element-41803de2 elementor-widget elementor-widget-text-editor\" data-id=\"41803de2\" data-element_type=\"widget\" data-widget_type=\"text-editor.default\">\n\t\t\t\t<div class=\"elementor-widget-container\">\n\t\t\t\t\t\t\t\t\t<section id=\"\" class=\"text\"><h2 class=\"font\">Hafta Gebelik Rehberi<\/h2><h3>Hafta Hafta Gebeli\u011fin \u0130lk Trimesteri<\/h3><p>Gebelik, ortalama 40 hafta s\u00fcren ve hem anne hem de bebek i\u00e7in heyecan verici bir s\u00fcre\u00e7tir. Bu rehberde, gebeli\u011fin ilk 10 haftas\u0131nda anne aday\u0131n\u0131 nelerin bekledi\u011fini, bebek geli\u015fiminin hangi a\u015famalardan ge\u00e7ti\u011fini ve dikkat edilmesi gereken \u00f6nemli noktalar\u0131 bulacaks\u0131n\u0131z. Gebeli\u011fin ilk trimesteri, bebe\u011fin en kritik geli\u015fim s\u00fcre\u00e7lerini i\u00e7erir ve anne aday\u0131n\u0131n bu d\u00f6nemde sa\u011fl\u0131\u011f\u0131na \u00f6zen g\u00f6stermesi b\u00fcy\u00fck \u00f6nem ta\u015f\u0131r.<\/p><\/section><section id=\"\" class=\"z_pattern left\"><h2 class=\"font\">1. Hafta: Gebeli\u011fin \u0130lk Ad\u0131mlar\u0131<\/h2><div class=\"background\"><p>Gebeli\u011fin 1. haftas\u0131, asl\u0131nda hen\u00fcz hamile olmad\u0131\u011f\u0131n\u0131z bir d\u00f6nemdir. T\u0131bbi olarak gebelik ba\u015flang\u0131c\u0131, son adet d\u00f6neminizin ilk g\u00fcn\u00fc olarak kabul edilir. Bu nedenle, gebeli\u011finizin ilk haftas\u0131, v\u00fccudunuzun olas\u0131 bir gebeli\u011fe haz\u0131rl\u0131k yapt\u0131\u011f\u0131 bir s\u00fcre\u00e7tir. Yumurtlama, adet d\u00f6ng\u00fcn\u00fcz\u00fcn yakla\u015f\u0131k 14. g\u00fcn\u00fcnde ger\u00e7ekle\u015fir. Bu d\u00f6nemde yumurtal\u0131klarda olgunla\u015fan yumurta, Fallop t\u00fcplerine do\u011fru yolculu\u011fa ba\u015flar.<\/p><h2 class=\"font\">2. Hafta: Yumurtlama ve Haz\u0131rl\u0131k<\/h2><p>Gebeli\u011fin 2. haftas\u0131nda, v\u00fccudunuzda bir yumurta h\u00fccresi olgunla\u015fmaya devam eder. Yumurtlama ger\u00e7ekle\u015fti\u011finde, bu yumurta h\u00fccresi Fallop t\u00fcplerine do\u011fru ilerler ve sperm h\u00fccreleriyle bulu\u015fmaya haz\u0131rlan\u0131r. Hamile kalmak i\u00e7in ideal zaman, yumurtlamadan \u00f6nce ve hemen sonras\u0131ndaki g\u00fcnlerde d\u00fczenli olarak cinsel ili\u015fkide bulunmakt\u0131r.<\/p><h2 class=\"font\">3. Hafta: D\u00f6llenme ve Yeni Canl\u0131<\/h2><p>Bu hafta, d\u00f6llenmenin ger\u00e7ekle\u015fti\u011fi haftad\u0131r. Yumurta h\u00fccresi ile sperm h\u00fccresinin birle\u015fmesi sonucunda zigot ad\u0131 verilen yeni bir canl\u0131 olu\u015fur. Zigot, rahim i\u00e7ine do\u011fru ilerler ve burada yerle\u015fmeye ba\u015flar. Zigot, annenin X kromozomu ile baban\u0131n X veya Y kromozomunun birle\u015fmesiyle cinsiyetini belirler. Bu d\u00f6nemde cinsiyet hen\u00fcz belirgin olmasa da, zigotun genetik yap\u0131s\u0131 \u015fekillenmeye ba\u015flam\u0131\u015ft\u0131r.<\/p><h2 class=\"font\">4. Hafta: Bebe\u011fin Yerle\u015fimi ve \u0130lk Belirtiler<\/h2><p>Gebeli\u011fin 4. haftas\u0131nda, zigot rahim i\u00e7ine yerle\u015fir ve embriyo geli\u015fmeye ba\u015flar. Bu d\u00f6nemde, anne aday\u0131n\u0131n v\u00fccudunda gebelik belirtileri ortaya \u00e7\u0131kmaya ba\u015flayabilir. Adet gecikmesi, yorgunluk, g\u00f6\u011f\u00fcslerde hassasiyet ve ruh hali de\u011fi\u015fiklikleri gibi belirtiler g\u00f6r\u00fclebilir. Gebelik testi yapmak i\u00e7in uygun bir zamand\u0131r; kanda yap\u0131lan beta HCG testi, gebeli\u011fi bu d\u00f6nemde tespit edebilir.<\/p><h2 class=\"font\">5. Hafta: Gebeli\u011fin Onaylanmas\u0131 ve \u0130lk Geli\u015fmeler<\/h2><p>Adetinizin gecikti\u011fini fark ettiyseniz ve gebelik testi pozitif \u00e7\u0131kt\u0131ysa, art\u0131k resmen anne aday\u0131s\u0131n\u0131z! Gebeli\u011fin 5. haftas\u0131nda, bebe\u011finizin organlar\u0131 olu\u015fmaya ba\u015flar. Embriyo, h\u0131zla b\u00fcy\u00fcyen bir h\u00fccre k\u00fcmesi olarak geli\u015fimini s\u00fcrd\u00fcr\u00fcr ve bu s\u00fcre\u00e7te rahim i\u00e7inde yerle\u015fimini g\u00fc\u00e7lendirir. Bu d\u00f6nemde bebek, yakla\u015f\u0131k 0.2-0.4 milimetre uzunlu\u011fundad\u0131r.<\/p><section class=\"two_column\"><div id=\"\"><h2 class=\"font\">6. Hafta: Plasentan\u0131n Olu\u015fumu ve \u0130lk Belirtiler<\/h2><p>6. haftada, anne adaylar\u0131n\u0131n \u00e7o\u011fu sabah bulant\u0131lar\u0131, yorgunluk ve s\u0131k idrara \u00e7\u0131kma gibi belirtiler ya\u015famaya ba\u015flar. Plasenta, bebe\u011fe oksijen ve besin maddelerini ta\u015f\u0131maya ba\u015flar. Bu hafta, bebe\u011fin kalbi atmaya ba\u015flar ve basit dola\u015f\u0131m sistemi olu\u015fur. Bebe\u011fin uzunlu\u011fu yakla\u015f\u0131k 2-4 milimetreye ula\u015f\u0131r.<\/p><\/div><div id=\"\"><h2 class=\"font\">7. Hafta: H\u0131zla B\u00fcy\u00fcyen Bir Canl\u0131<\/h2><p>Bu hafta, bebe\u011finizin boyu 10-12 milimetreye ula\u015f\u0131r. G\u00f6zler, kulaklar, burun ve a\u011f\u0131z gibi temel yap\u0131lar olu\u015fmaya ba\u015flar. G\u00f6bek kordonu, bebe\u011fin beslenmesi ve at\u0131klar\u0131n ta\u015f\u0131nmas\u0131 i\u00e7in i\u015flev g\u00f6rmeye ba\u015flar. Bu d\u00f6nemde ultrasonografide bebe\u011finizin kalp at\u0131\u015flar\u0131n\u0131 g\u00f6rmek m\u00fcmk\u00fcnd\u00fcr. Anne aday\u0131nda bulant\u0131 ve kusma devam edebilir, ancak bu belirtiler genellikle gebeli\u011fin ilerleyen haftalar\u0131nda hafifler.<\/p><\/div><\/section><section id=\"\" class=\"text\"><h2 class=\"font\">8. Hafta: Bebekte Hareket ve Y\u00fcz Geli\u015fimi<\/h2><p>Gebeli\u011fin 8. haftas\u0131nda, bebe\u011finiz yakla\u015f\u0131k 15 milimetre uzunlu\u011fundad\u0131r. \u0130lk v\u00fccut hareketleri bu hafta ba\u015flar, ancak anne aday\u0131 bu hareketleri hen\u00fcz hissedemez. Y\u00fcz yap\u0131lar\u0131 geli\u015fmeye devam eder ve bebe\u011finiz a\u011f\u0131z a\u00e7\u0131p kapama hareketleri yapabilir. Bebe\u011fin kemik yap\u0131lar\u0131 da bu hafta i\u00e7erisinde daha belirgin hale gelir.<\/p><\/section><section id=\"\" class=\"text\"><h2 class=\"font\">9. Hafta: Y\u00fcz ve Organ Geli\u015fimi<\/h2><p>Bu haftada, bebe\u011finizin y\u00fcz yap\u0131s\u0131 h\u0131zla geli\u015fir. Dudaklar, g\u00f6zler ve burun daha belirgin hale gelirken, ba\u011f\u0131rsaklar kar\u0131n bo\u015flu\u011funa do\u011fru ilerler. Bebe\u011finizin boyu yakla\u015f\u0131k 2-3 santimetreye ula\u015f\u0131r. Anne adaylar\u0131, bu d\u00f6nemde g\u00f6\u011f\u00fcslerde dolgunluk, mide yanmas\u0131 ve haz\u0131ms\u0131zl\u0131k gibi belirtiler ya\u015fayabilir.<\/p><h2 class=\"font\">10. Hafta: B\u00f6breklerin \u00c7al\u0131\u015fmas\u0131 ve Ruhsal De\u011fi\u015fiklikler<\/h2><p>Gebeli\u011fin 10. haftas\u0131nda, bebe\u011finizin b\u00f6brekleri idrar \u00fcretmeye ba\u015flar. Bu idrar, amniyotik s\u0131v\u0131ya kar\u0131\u015f\u0131r ve bebe\u011finiz bu s\u0131v\u0131y\u0131 yutarak sindirim sistemini \u00e7al\u0131\u015ft\u0131r\u0131r. Anne adaylar\u0131nda bulant\u0131 ve yorgunluk belirtileri bu haftadan itibaren hafifleyebilir. Ancak ruhsal dalgalanmalar, hormonal de\u011fi\u015fiklikler nedeniyle devam edebilir.<\/p><h2 class=\"font\">11-20. Hafta Gebelik Rehberi<\/h2><h3>Hafta Hafta \u0130kinci Trimester<\/h3><p>Gebeli\u011fin ikinci trimesteri, anne adaylar\u0131 i\u00e7in genellikle daha rahat ge\u00e7en bir d\u00f6nemdir. Bu s\u00fcre\u00e7te v\u00fccut gebeli\u011fe uyum sa\u011flam\u0131\u015f olur ve erken d\u00f6nemde ya\u015fanan belirtiler hafifler. Bebe\u011fin geli\u015fimi h\u0131zla devam ederken, anne adaylar\u0131n\u0131n da bu d\u00f6nemi sa\u011fl\u0131kl\u0131 bir \u015fekilde ge\u00e7irmesi b\u00fcy\u00fck \u00f6nem ta\u015f\u0131r. \u0130\u015fte 11-20. gebelik haftalar\u0131 aras\u0131ndaki geli\u015fmeler ve dikkat edilmesi gerekenler:<\/p><h2 class=\"font\">11. Hafta: Organ Geli\u015fimi ve Kilo Al\u0131m\u0131<\/h2><p>Gebeli\u011fin 11. haftas\u0131nda bebe\u011finizin organ geli\u015fimi b\u00fcy\u00fck \u00f6l\u00e7\u00fcde tamamlanm\u0131\u015f durumdad\u0131r. Bu hafta, bebe\u011fin en h\u0131zl\u0131 b\u00fcy\u00fcd\u00fc\u011f\u00fc haftalardan biridir. Koku, tat alma ve dokunma duyular\u0131 geli\u015fmeye ba\u015flar ve d\u0131\u015f kulak yolu ile kulak zar\u0131 olu\u015fur. Anne adaylar\u0131 bu haftalardan itibaren haftada ortalama 450 gram alabilir, ancak bu kilo al\u0131m\u0131 ki\u015fisel fakt\u00f6rlere ba\u011fl\u0131 olarak de\u011fi\u015febilir. Dengeli beslenmeye \u00f6zen g\u00f6stermek, sa\u011fl\u0131kl\u0131 bir kilo al\u0131m\u0131 i\u00e7in \u00f6nemlidir.<\/p><h2 class=\"font\">12. Hafta: Bebe\u011fin Hareketleri ve \u0130kili Test<\/h2><p>Gebeli\u011finizin 12. haftas\u0131nda bebe\u011finizin t\u00fcm organlar\u0131 olu\u015fmu\u015f durumdad\u0131r ve art\u0131k hacim olarak b\u00fcy\u00fcmeye ba\u015flar. Bu hafta, bebe\u011finizin s\u0131k s\u0131k a\u011f\u0131z a\u00e7\u0131p kapama hareketleri yapt\u0131\u011f\u0131n\u0131 g\u00f6zlemleyebilirsiniz. Ultrasonografi s\u0131ras\u0131nda bebe\u011finizin h\u0131\u00e7k\u0131rd\u0131\u011f\u0131n\u0131 bile g\u00f6rebilirsiniz. Bu d\u00f6nemde bebe\u011finiz parma\u011f\u0131n\u0131 emmeye ba\u015flayabilir. 11-14. haftalar aras\u0131nda yap\u0131lan ense kal\u0131nl\u0131\u011f\u0131 \u00f6l\u00e7\u00fcm\u00fc ve kan testleri (\u0130kili Test), Down sendromu gibi kromozomal bozukluklar\u0131n riskini de\u011ferlendirmek i\u00e7in \u00f6nemlidir.<\/p><h2 class=\"font\">13. Hafta: B\u00fcy\u00fcyen Rahim ve Cinsiyet Tahmini<\/h2><p>13. haftada rahiminiz b\u00fcy\u00fcmeye devam eder ve bu b\u00fcy\u00fcme, rahimi yerinde tutan ba\u011flar\u0131 gererek kas\u0131k a\u011fr\u0131lar\u0131na neden olabilir. Bu a\u011fr\u0131lar genellikle normaldir ve rahimin geni\u015flemesine ba\u011fl\u0131d\u0131r. Ayr\u0131ca, bu hafta ultrasonografide bebe\u011finizin cinsiyeti hakk\u0131nda bir tahmin yap\u0131labilir, ancak kesin cinsiyet belirlemesi i\u00e7in birka\u00e7 hafta daha beklemek gerekebilir. Cinsiyet tahmini i\u00e7in ultrasonografide genital t\u00fcberk\u00fcl\u00fcn duru\u015fu dikkate al\u0131n\u0131r.<\/p><h2 class=\"font\">14. Hafta: \u0130kinci Trimesterin Ba\u015flang\u0131c\u0131<\/h2><p>Gebeli\u011fin 14. haftas\u0131, ikinci trimesterin ba\u015flang\u0131c\u0131d\u0131r. Bu d\u00f6nem, anne adaylar\u0131n\u0131n genellikle kendilerini en iyi hissettikleri d\u00f6nem olarak bilinir. Yorgunluk, bulant\u0131 gibi erken d\u00f6nem belirtileri kaybolmaya ba\u015flar. Daha \u00f6nce do\u011fum yapm\u0131\u015f olan anne adaylar\u0131, bu haftan\u0131n sonuna do\u011fru bebeklerinin hareketlerini hissedebilirler. Ancak, ilk gebeli\u011fini ya\u015fayan anne adaylar\u0131 bebek hareketlerini hissetmek i\u00e7in birka\u00e7 hafta daha beklemelidir.<\/p><h2 class=\"font\">15. Hafta: Bebek Hareketleri ve Lanugo<\/h2><p>15. haftada rahiminizi d\u0131\u015far\u0131dan hissetmeye ba\u015flayabilirsiniz. Elinizi karn\u0131n\u0131za koydu\u011funuzda, yumu\u015fak bir top gibi hissedilen rahim, bebe\u011finizin bulundu\u011fu yerdir. Bebeklerin kemik ve kas dokular\u0131 bu haftadan itibaren h\u0131zla geli\u015fir. Lanugo ad\u0131 verilen ince t\u00fcyler, bebe\u011finizin cildini kaplamaya ba\u015flar ve 26. haftaya kadar varl\u0131\u011f\u0131n\u0131 s\u00fcrd\u00fcr\u00fcr. Bu hafta, erkek bebeklerin testis ve penislerinin ultrasonda g\u00f6r\u00fclmesiyle cinsiyet belirlenebilir.<\/p><h2 class=\"font\">16. Hafta: D\u00f6rtl\u00fc Test ve Bebek Hareketleri<\/h2><p>16. haftada bebe\u011finizin Down sendromu ve n\u00f6ral t\u00fcp defektleri riskini belirlemek i\u00e7in D\u00f6rtl\u00fc Test yap\u0131labilir. Bu test, 16-18. haftalar aras\u0131nda idealdir. Ayr\u0131ca, bu haftada bebe\u011finizin el ve ayak t\u0131rnaklar\u0131 uzamaya ba\u015flar. \u00d6nceden do\u011fum yapm\u0131\u015f olan ki\u015filer bebek hareketlerini hissetmeye ba\u015flayabilirler. Bu hareketler, bebe\u011fin kemiklerinin geli\u015fmesi ve kaslar\u0131n\u0131n g\u00fc\u00e7lenmesiyle daha belirgin hale gelecektir.<\/p><h2 class=\"font\">17. Hafta: Kalsiyum Al\u0131m\u0131 ve Bebek Geli\u015fimi<\/h2><p>17. haftada, bebe\u011finizin cilt alt\u0131 ya\u011f depolar\u0131 h\u0131zla artmaya ba\u015flar. Bu d\u00f6nemde bebe\u011finizin kalbi g\u00fcnde yakla\u015f\u0131k 30 litre kan pompalamaktad\u0131r. Emme, yutma ve g\u00f6z k\u0131rpma refleksleri de bu haftada geli\u015fir. Bebe\u011finizin kemiklerinde kalsiyum depolanma i\u015flemi h\u0131zlan\u0131r, bu nedenle kalsiyum a\u00e7\u0131s\u0131ndan zengin g\u0131dalar t\u00fcketmek \u00f6nemlidir. Do\u011fal besinlerle al\u0131nan kalsiyum, bebe\u011finizin geli\u015fimi i\u00e7in en sa\u011fl\u0131kl\u0131 se\u00e7enektir.<\/p><h2 class=\"font\">18. Hafta: Bebe\u011fin Hareketlili\u011fi ve Cilt De\u011fi\u015fiklikleri<\/h2><p>18. haftada bebe\u011finizin hareketlili\u011fi artar ve rahim i\u00e7inde s\u0131k s\u0131k pozisyon de\u011fi\u015ftirir. Bebe\u011finizin cildi hala \u00e7ok incedir ve damar yap\u0131lar\u0131 g\u00f6r\u00fclebilir. Bu hafta, anne adaylar\u0131n\u0131n cildinde kloazma (gebelik maskesi) gibi de\u011fi\u015fiklikler g\u00f6r\u00fclebilir. Bu lekeler, genellikle do\u011fumdan sonra kaybolur, ancak g\u00fcne\u015fe maruz kalma durumunda kal\u0131c\u0131 hale gelebilirler.<\/p><h2 class=\"font\">19. Hafta: Bebe\u011fin Uyku D\u00fczeni ve Duru\u015f Pozisyonu<\/h2><p>19. haftada bebe\u011finizin cilt alt\u0131 ya\u011f dokusu geli\u015fmeye devam eder. Bebe\u011finiz, rahim i\u00e7inde \u00e7e\u015fitli duru\u015f pozisyonlar\u0131 al\u0131r ve genellikle 34. hafta civar\u0131nda ba\u015f a\u015fa\u011f\u0131 pozisyona ge\u00e7er. Bu haftalarda bebe\u011finizin uyku ve uyan\u0131kl\u0131k d\u00f6ng\u00fcleri olu\u015fmaya ba\u015flar. Ayr\u0131ca, k\u0131z bebeklerde rahim bu haftalarda geli\u015fmeye ba\u015flar.<\/p><h2 class=\"font\">20. Hafta: Gebeli\u011fin Yar\u0131s\u0131 ve G\u00f6bek \u00c7izgisi<\/h2><p>Gebeli\u011fin 20. haftas\u0131nda, art\u0131k gebeli\u011finizin yar\u0131s\u0131n\u0131 geride b\u0131rakm\u0131\u015f oluyorsunuz. Rahiminiz g\u00f6bek deli\u011finiz hizas\u0131na ula\u015fm\u0131\u015ft\u0131r ve her hafta bir santimetre yukar\u0131 \u00e7\u0131kmaya devam edecektir. Bu hafta, g\u00f6be\u011finizle pubis aras\u0131nda kalan orta hat \u00e7izgisi (linea nigra) koyula\u015fabilir. Bu koyuluk genellikle do\u011fumdan sonra kaybolur. Bebe\u011finiz bu haftalarda yenido\u011fan gibi uyku ve uyan\u0131kl\u0131k d\u00f6nemlerinden ge\u00e7er.<\/p><h2 class=\"font\">31-40. Hafta Gebelik Rehberi<\/h2><h3>Hafta Hafta \u00dc\u00e7\u00fcnc\u00fc Trimester<\/h3><p><b>31. Hafta: R\u00fcyalar ve Bebek Hareketleri<\/b><br \/><br \/>Gebeli\u011fin 31. haftas\u0131nda, anne adaylar\u0131 daha s\u0131k ve yo\u011fun r\u00fcyalar g\u00f6rebilirler. Bu, gebeli\u011fin getirdi\u011fi hormonal de\u011fi\u015fiklikler ve uyku d\u00fczenindeki farkl\u0131l\u0131klardan kaynaklan\u0131r. Bebe\u011finizin hareketleri bu haftalarda olduk\u00e7a belirgin hale gelir. 30-32. haftalar aras\u0131nda, bebe\u011finizin amniyon s\u0131v\u0131s\u0131 nispeten daha fazla oldu\u011fu i\u00e7in hareket alan\u0131 geni\u015ftir ve bu, hareketlerin daha g\u00fc\u00e7l\u00fc hissedilmesini sa\u011flar. 32. haftadan sonra ise bebe\u011fin alan\u0131 darald\u0131k\u00e7a hareketler farkl\u0131la\u015fabilir.<\/p><h2 class=\"font\">32. Hafta: Bebe\u011fin Pozisyonu ve Anne Aday\u0131n\u0131n Duygusal Durumu<\/h2><p>32. hafta, bebe\u011finizin do\u011fum pozisyonunu almaya ba\u015flad\u0131\u011f\u0131 haftalardan biridir. Bebek, genellikle ba\u015f a\u015fa\u011f\u0131 pozisyona ge\u00e7er ve bu pozisyon, do\u011fum kanal\u0131na en iyi \u015fekilde girmesini sa\u011flar. Bu haftalarda baz\u0131 anne adaylar\u0131, v\u00fccutlar\u0131ndaki de\u011fi\u015fiklikler nedeniyle kendilerini itici bulabilirler. Ancak, gebelik hem fizyolojik hem de duygusal olarak do\u011fal bir s\u00fcre\u00e7tir ve bu duygular ge\u00e7icidir.<\/p><h2 class=\"font\">33. Hafta: Amniyon S\u0131v\u0131s\u0131 ve Bebe\u011fin Geli\u015fimi<\/h2><p>33. haftada bebe\u011finizin amniyon s\u0131v\u0131s\u0131 miktar\u0131 en y\u00fcksek seviyeye ula\u015fm\u0131\u015ft\u0131r ve do\u011fuma kadar bu miktar nispeten sabit kal\u0131r. Amniyon s\u0131v\u0131s\u0131, bebe\u011finizi d\u0131\u015f ortamdan koruyan steril bir s\u0131v\u0131d\u0131r ve bebe\u011finiz bu s\u0131v\u0131y\u0131 yutar, akci\u011ferlerinden ve cildinden emilir. Bu haftalarda, bebe\u011finizin akci\u011ferleri solunum i\u00e7in haz\u0131rl\u0131k yaparken, kaslar da g\u00fc\u00e7lenmeye devam eder.<\/p><h2 class=\"font\">34. Hafta: Cinsel Ya\u015fam ve Bebe\u011fin Solunum Haz\u0131rl\u0131\u011f\u0131<\/h2><p>34. haftada, gebelikte cinsel ili\u015fki hakk\u0131nda baz\u0131 kayg\u0131lar olu\u015fabilir. Genel olarak, doktorunuz \u00f6zel bir durum belirtmedik\u00e7e cinsel ili\u015fki gebelik boyunca g\u00fcvenlidir. Orgazm s\u0131ras\u0131nda rahimdeki kas\u0131lmalar bebe\u011fe zarar vermez. Bu haftadan itibaren bebe\u011finizin solunum hareketleri artar ve bu hareketler, do\u011fumdan sonraki solunum s\u00fcreci i\u00e7in bir haz\u0131rl\u0131kt\u0131r. Bebe\u011finizin sa\u011fl\u0131kl\u0131 oldu\u011funu g\u00f6steren en \u00f6nemli bulgulardan biri bu solunum hareketleridir.<\/p><h2 class=\"font\">35. Hafta: Bebek Hareketleri ve Do\u011fuma Haz\u0131rl\u0131k<\/h2><p>35. haftada bebek hareketlerine dikkat etmek \u00f6nemlidir. Bebek hareketleri, bebe\u011fin sa\u011fl\u0131kl\u0131 oldu\u011funu g\u00f6steren kritik bir i\u015farettir. Sa\u011fl\u0131kl\u0131 bir bebek, fazla enerjisini hareket ederek harcar ve kaslar\u0131n\u0131 g\u00fc\u00e7lendirir. Bu haftan\u0131n sonunda bebe\u011finiz do\u011fsa bile, k\u00fcv\u00f6z ihtiyac\u0131 olmadan hayatta kalma \u015fans\u0131 y\u00fcksektir.<\/p><h2 class=\"font\">36. Hafta: Epidural Anestezi ve Do\u011fum Haz\u0131rl\u0131\u011f\u0131<\/h2><p>36. haftada, epidural anestezi se\u00e7ene\u011fi hakk\u0131nda doktorunuzla konu\u015fabilirsiniz. Epidural anestezi, do\u011fum sanc\u0131lar\u0131n\u0131 hafifletmek i\u00e7in yayg\u0131n olarak kullan\u0131lan bir y\u00f6ntemdir ve \u00e7o\u011fu anne aday\u0131na konforlu bir do\u011fum deneyimi sunar. Bu haftada, bebe\u011finizin do\u011fum pozisyonu b\u00fcy\u00fck \u00f6l\u00e7\u00fcde belirlenmi\u015ftir ve do\u011fuma haz\u0131rl\u0131k s\u00fcreci h\u0131zla devam eder.<\/p><h2 class=\"font\">37. Hafta: Bebe\u011fin Do\u011fum Pozisyonu ve Do\u011fuma Yakla\u015fma<\/h2><p>37. haftada, bebe\u011finizin do\u011fum i\u00e7in a\u015fa\u011f\u0131ya inmesi muhtemeldir. Bebe\u011finizin hareketleri art\u0131k daha belirgindir ve do\u011fum yakla\u015ft\u0131k\u00e7a bebe\u011finizin yerle\u015fimi de\u011fi\u015fir. Bu haftalarda bebe\u011finizin karn\u0131n\u0131zda yapt\u0131\u011f\u0131 hareketler, do\u011fdu\u011funda yapaca\u011f\u0131 hareketlerle benzerlik g\u00f6sterir. H\u0131\u00e7k\u0131rma, gerilme ve parmak emme gibi hareketler en s\u0131k g\u00f6zlemlenen hareketlerdir.<\/p><h2 class=\"font\">38. Hafta: Do\u011fum S\u00fcrecine Haz\u0131rl\u0131k<\/h2><p>38. hafta, do\u011fumun herhangi bir zamanda ger\u00e7ekle\u015febilece\u011fi bir d\u00f6nemdir. Anne adaylar\u0131n\u0131n b\u00fcy\u00fck bir k\u0131sm\u0131 bu hafta ile 42. hafta aras\u0131nda do\u011fum yapar. Bebe\u011finizin ba\u011f\u0131rsaklar\u0131nda ilk d\u0131\u015fk\u0131 olan mekonyum birikmeye ba\u015flar ve bu d\u0131\u015fk\u0131, do\u011fumdan sonraki ilk 24 saat i\u00e7inde d\u0131\u015far\u0131 at\u0131l\u0131r. Bebe\u011finizin do\u011fum kilosu, genetik fakt\u00f6rlere ba\u011fl\u0131 olarak de\u011fi\u015fiklik g\u00f6sterebilir.<\/p><h2 class=\"font\">39. Hafta: Do\u011fum Yakla\u015f\u0131yor<\/h2><p>39. haftada do\u011fum yapma olas\u0131l\u0131\u011f\u0131n\u0131z olduk\u00e7a y\u00fcksektir. Do\u011fum sab\u0131r gerektiren bir s\u00fcre\u00e7tir ve bu sabr\u0131n sonunda bebe\u011finizi kuca\u011f\u0131n\u0131za ald\u0131\u011f\u0131n\u0131zda, b\u00fcy\u00fck bir ba\u015far\u0131 duygusu ya\u015fayacaks\u0131n\u0131z. Bu haftada, do\u011fum belirtilerini takip etmek ve doktorunuzun talimatlar\u0131na uymak \u00f6nemlidir. Hastane \u00e7antan\u0131z\u0131 haz\u0131rlamak ve gerekli telefon numaralar\u0131n\u0131 kolay eri\u015filebilir bir yerde bulundurmak faydal\u0131 olacakt\u0131r.<\/p><h2 class=\"font\">40. Hafta: Beklenen Do\u011fum Tarihi<\/h2><p>40. hafta, gebeli\u011fin son haftas\u0131 olarak kabul edilir. Bu hafta, do\u011fumun ger\u00e7ekle\u015fme olas\u0131l\u0131\u011f\u0131 olduk\u00e7a y\u00fcksektir, ancak baz\u0131 anne adaylar\u0131 birka\u00e7 hafta daha bekleyebilir. Panik yapmadan doktor kontrollerine devam etmek ve do\u011fum i\u00e7in haz\u0131rl\u0131kl\u0131 olmak \u00f6nemlidir. Do\u011fum s\u00fcrecinin ba\u015flamas\u0131yla birlikte, doktorunuzun y\u00f6nlendirmelerine g\u00f6re hareket etmek, g\u00fcvenli bir do\u011fum s\u00fcreci i\u00e7in gereklidir.<\/p><h2 class=\"font\">41. Hafta: Do\u011fumun Ba\u015flat\u0131lmas\u0131<\/h2><p>41. haftaya ula\u015fm\u0131\u015f olman\u0131za ra\u011fmen do\u011fum yapmad\u0131ysan\u0131z, doktorunuz do\u011fum s\u00fcrecini ba\u015flatmay\u0131 \u00f6nerebilir. Miyad ge\u00e7mesi, bebe\u011finiz ve sizin i\u00e7in risk olu\u015fturabilece\u011finden, bu durumda t\u0131bbi m\u00fcdahale gerekebilir. Do\u011fumun ba\u015flat\u0131lmas\u0131, genellikle plasentan\u0131n i\u015flevlerini yitirmesi ve bebe\u011fin risk alt\u0131nda olmas\u0131 durumunda tercih edilir.<\/p><\/section><\/div><\/section>\t\t\t\t\t\t\t\t<\/div>\n\t\t\t\t<\/div>\n\t\t\t\t\t<\/div>\n\t\t\t\t<\/div>\n\t\t\t\t<\/div>\n\t\t","protected":false},"excerpt":{"rendered":"<p>Hafta Gebelik Rehberi Hafta Hafta Gebeli\u011fin \u0130lk Trimesteri Gebelik, ortalama 40 &#8230; <\/p>\n","protected":false},"author":2,"featured_media":0,"parent":0,"menu_order":0,"comment_status":"closed","ping_status":"closed","template":"","meta":{"pagelayer_contact_templates":[],"_pagelayer_content":"","footnotes":""},"class_list":["post-2725","page","type-page","status-publish","hentry"],"_links":{"self":[{"href":"https:\/\/www.saglikuzmanlari.com\/melekhoca\/wp-json\/wp\/v2\/pages\/2725","targetHints":{"allow":["GET"]}}],"collection":[{"href":"https:\/\/www.saglikuzmanlari.com\/melekhoca\/wp-json\/wp\/v2\/pages"}],"about":[{"href":"https:\/\/www.saglikuzmanlari.com\/melekhoca\/wp-json\/wp\/v2\/types\/page"}],"author":[{"embeddable":true,"href":"https:\/\/www.saglikuzmanlari.com\/melekhoca\/wp-json\/wp\/v2\/users\/2"}],"replies":[{"embeddable":true,"href":"https:\/\/www.saglikuzmanlari.com\/melekhoca\/wp-json\/wp\/v2\/comments?post=2725"}],"version-history":[{"count":7,"href":"https:\/\/www.saglikuzmanlari.com\/melekhoca\/wp-json\/wp\/v2\/pages\/2725\/revisions"}],"predecessor-version":[{"id":3401,"href":"https:\/\/www.saglikuzmanlari.com\/melekhoca\/wp-json\/wp\/v2\/pages\/2725\/revisions\/3401"}],"wp:attachment":[{"href":"https:\/\/www.saglikuzmanlari.com\/melekhoca\/wp-json\/wp\/v2\/media?parent=2725"}],"curies":[{"name":"wp","href":"https:\/\/api.w.org\/{rel}","templated":true}]}}